6). Suppose 2*j + 32 = w*j. Calculate the highest common divisor of v and j.
4
Let r(i) = -i**2 + 17*i - 1. Let v be r(14). Calculate the highest common factor of v and 656.
41
Let u = 1 + 0. Calculate the greatest common divisor of u and 541.
1
Suppose -5*m = 20, -c + 2*c = -m + 8. Let h be (-20)/6*((-363)/15 - 1). What is the greatest common factor of c and h?
12
Let p = 94 + -90. Suppose -p*u + 6*u = 180. What is the greatest common divisor of 60 and u?
30
Let i = -1130 + 1134. Calculate the greatest common divisor of i and 464.
4
Suppose -4*j = 4*z + 403 - 1459, -5*j = 4*z - 1320. Let a be (-4)/(((-1)/6)/1). Calculate the greatest common divisor of j and a.
24
Let y be -5 + -2 + (-10 - -1)/9 + 14. Let s(j) = -16*j + 6. Let c be s(-6). Calculate the highest common divisor of c and y.
6
Let m = 268 + -4. Calculate the greatest common factor of 198 and m.
66
Let i = -326 + 344. Calculate the greatest common divisor of 12 and i.
6
Suppose -5*x + 123 = 3*h, -77 + 0 = -3*x - h. Let i = -2 + x. Calculate the greatest common divisor of i and 10.
5
Let o = 119 + -49. Let c be ((-726)/(-55))/(4/o). What is the highest common divisor of c and 33?
33
Suppose -20 = -11*n + n. Let w be (-700)/(-30) - n/(-3). What is the greatest common divisor of 12 and w?
12
Suppose -3*u = -3, 0*u = -2*h - 2*u + 10. Suppose h*y - 16 = 0, 0 = -f - f + 3*y + 8. Let q = -38 - -68. What is the highest common divisor of q and f?
10
Let p = 40 + -35. Suppose 5*z - 40 = 5*c, 5*z - 3*z - p*c - 13 = 0. What is the highest common divisor of z and 9?
9
Let f be (-1 + 2)/(4 - 31/8). Suppose -j = 8*g - 4*g - 103, -j - 5*g + 108 = 0. Let o = j - 51. What is the greatest common factor of o and f?
8
Suppose -4*j - 3*n + 73 = 0, -23*j + 3*n - 51 = -26*j. What is the highest common factor of j and 484?
22
Let a = -147 - -90. Let x = -21 - a. Calculate the highest common divisor of x and 216.
36
Let q(k) = -4*k**2 + 60*k + 6. Let f be q(7). What is the greatest common divisor of f and 20?
10
Let l be -5 + 5 + -3 + 255. Calculate the greatest common divisor of l and 882.
126
Let h = -578 + 590. What is the highest common divisor of 8 and h?
4
Let p = -615 + 632. Calculate the highest common factor of 289 and p.
17
Suppose -2*t + 101 = -5*m, 5*t + 0*t = -2*m + 238. What is the greatest common divisor of t and 228?
12
Suppose -6*h + 3*h = 0. Suppose -u + 3*u - 10 = h. Suppose 4*q - 124 = 5*s, -3*s = 3*q - 61 - u. What is the greatest common factor of q and 182?
26
Suppose 8 = 5*b - 3*z - 76, 3*b = -4*z + 62. Calculate the greatest common factor of 138 and b.
6
Let h = 652 + -626. What is the greatest common factor of h and 8?
2
Let r(d) = 38*d + 36. Let s be r(3). What is the highest common divisor of s and 20?
10
Suppose 1870 = 14*a - 4*a. What is the greatest common factor of 34 and a?
17
Let r = -124 + 418. What is the highest common factor of r and 42?
42
Let n(l) be the first derivative of -8*l**2 + 56*l + 32. Let y be n(-4). What is the highest common divisor of y and 15?
15
Let q(h) = h**3 + 10*h**2 - h - 68. Let n be q(-7). What is the highest common divisor of 559 and n?
43
Suppose 1 = 3*v - 143. Let d be 4/(-6) + 4446/351. What is the greatest common divisor of v and d?
12
Let f be ((-6)/18)/((-1)/9). Suppose 3*w = a + 1, f*w = 3*a + a - 41. Let o be (-10)/15*(2*-24 - -6). What is the greatest common divisor of a and o?
14
Suppose 4*q = -2*h + 3*h + 39, -q + 5*h = 14. What is the greatest common divisor of 1353 and q?
11
Let k(i) = -i**3 - 11*i**2 - 3*i - 11. Let o be k(-11). Suppose 0*c + c = o. What is the greatest common factor of c and 55?
11
Suppose 0 = 10*v - 914 - 126. Calculate the highest common factor of v and 24.
8
Let h = 36 - 16. Suppose -h = -2*n + 2*o, 5*o + 2 = -8. Suppose 27 = w - 3*t, -4*w + 33 = 4*t - t. What is the greatest common divisor of n and w?
4
Let k be (32/4)/(14/77). Calculate the greatest common factor of k and 76.
4
Suppose -6*v = -98*v + 920. What is the highest common factor of 700 and v?
10
Let g(v) = -2*v**3 - v**2 + 3*v + 3. Suppose -x = -2*f - 2*x - 8, 0 = -5*f + 4*x + 6. Let l be g(f). Calculate the highest common factor of l and 18.
9
Suppose -8*y + 3*y + 80 = 0. Suppose -5*o - 115 + 130 = 0. Suppose -o*a + 425 = 41. Calculate the highest common factor of y and a.
16
Suppose 171 = 3*n - 3*j, -149 = -2*n + 4*j - 33. Let u = -13 + 18. Suppose u*v - n = 79. Calculate the highest common divisor of v and 18.
9
Let q = 18 - 22. Let i be 37 + q + -1 + 8. What is the greatest common factor of 16 and i?
8
Let y(q) = -q + 8. Let a be y(3). Suppose 0 = -0*z - a*z + 20. What is the highest common divisor of z and 2?
2
Let u = 14 + -10. Let m = -54 + 64. What is the greatest common factor of m and u?
2
Suppose -3*x = 4*d - 35, -5*x + 3*x - d + 15 = 0. Suppose -x*i = -3*i - 3*p - 37, i + 4*p = -9. What is the highest common divisor of 1 and i?
1
Suppose 3874 = 8*n - 6086. What is the greatest common divisor of n and 15?
15
Suppose x + 5*g = -3*x + 273, 3*x - 210 = -2*g. Calculate the highest common factor of 18 and x.
18
Let p = 45 - 43. Suppose 0 = 3*t - 2*m - 73, -p*t + 3*t - 5*m = 46. What is the highest common factor of t and 168?
21
Let o(x) = -x**3 - 7*x**2 + 30*x + 15. Let n be o(-10). What is the highest common divisor of 18 and n?
3
Let m = 50 + -47. What is the highest common divisor of m and 2?
1
Let t = -1247 + 1307. What is the greatest common factor of 276 and t?
12
Suppose -42 + 12 = -3*f. What is the greatest common divisor of f and 95?
5
Let x be (-6)/(-4)*1*2. Suppose -d + 100 = x*d. Suppose 123*l + 906 = 4*h + 125*l, -3*h + 687 = 4*l. Calculate the greatest common divisor of h and d.
25
Let j(f) = -9*f - 283. Let h be j(-32). What is the greatest common factor of 425 and h?
5
Suppose 2*c - 3*w = -4*w + 155, 2*w - 150 = -2*c. Let a be (-4)/(-18) + (-906)/(-54). Let o = 27 - a. What is the greatest common divisor of c and o?
10
Suppose 130 + 32 = -3*w. Let z = 110 + w. Calculate the highest common divisor of 14 and z.
14
Let u be (-48)/(-6) - 8/2. Suppose -u*o - 4*x + 28 = 8, 2*o + x - 14 = 0. Calculate the greatest common divisor of 72 and o.
9
Suppose -6*j + j = -170. Suppose -3*z + j = 10. Let n = -102 + 190. Calculate the highest common factor of z and n.
8
Let h be ((-9)/(-15))/(2/10). Let d be (-6)/(-9)*(0 + h). Calculate the greatest common factor of 4 and d.
2
Suppose 5*l - 258 = -2*a, -2*a = -2*l - 77 - 167. Let u(z) = -z**2 - 13*z - 11. Let c be u(-7). Calculate the highest common factor of a and c.
31
Suppose -3*z + 452 = 3*a - 13, -5*z = -3*a - 815. Let j(p) = -p**2 - 28*p - 7. Let u be j(-27). Calculate the greatest common factor of u and z.
20
Let y = -356 - -394. Let n = 18 - -1. Calculate the greatest common factor of n and y.
19
Suppose -189*f - 552 = -195*f. Calculate the highest common divisor of 8 and f.
4
Suppose 5*h - 5*z - 21 = 14, -3*z = h + 13. Suppose 5*x - 323 = -h*y, 4*y - 177 = -5*x + 144. Calculate the highest common factor of 26 and x.
13
Let a = -37 + 56. Let r be a + (4 - 3)*3. Calculate the highest common factor of 110 and r.
22
Let q be (-3 + 32/4)*4/10. Let u be -4 + 38 - 2/q. Calculate the highest common factor of u and 3.
3
Let l be ((-1)/(-1))/(2/(-1284)*-6). Calculate the greatest common factor of 963 and l.
107
Suppose -38 = -2*m + 2*s, 4*m - 2*s - 82 + 16 = 0. Let z be (-1 - m/(-8)) + (-189)/(-4). Calculate the highest common factor of z and 16.
16
Let n(m) = m**3 - 8*m**2 + 3. Let v be n(8). Suppose -v*a = -3 - 15. Calculate the greatest common factor of a and 24.
6
Let o = 1691 + -1684. Let j = 30 + -16. What is the highest common divisor of j and o?
7
Suppose -745 = -6*n + 623. What is the highest common factor of n and 171?
57
Suppose -11*g = -6683 - 3437. Calculate the greatest common divisor of g and 40.
40
Suppose 0 = 5*q - 3*y - 1190, -5*q - 7*y + 1165 = -5*y. What is the greatest common divisor of 141 and q?
47
Suppose 26*b = -44*b + 420. What is the highest common divisor of b and 582?
6
Let k(l) = l**2 + 37*l + 211. Let u be k(-7). What is the highest common divisor of 79 and u?
1
Let m(n) = -62*n + 8. Let c(x) = -309*x + 39. Let p(u) = 5*c(u) - 24*m(u). Let j be p(-1). Calculate the greatest common divisor of 12 and j.
12
Let g(r) = -r**2 + 34*r + 88. Let j be g(30). Let u be (39/